 v. What is the greatest common factor of 72 and o?
8
Suppose 0 = -19*n + 22913 + 5929. Calculate the highest common divisor of n and 1242.
138
Let h(b) = 2*b - 24. Let t be h(15). Suppose 0 = 4*u - 4*v - 8, -5 - 3 = 2*u - 5*v. What is the highest common divisor of t and u?
6
Let b = -61 + 213. Let z = b + -76. Suppose -3*o - 2*s = -z, 5*o + 3*s + s = 128. What is the greatest common factor of o and 60?
12
Suppose -5*z - 3*i = -138, z + 181 = -5*i + 191. What is the highest common divisor of z and 135?
15
Let v(x) = 2*x**2 - 21*x + 101. Let d be 33*(-3)/((-63)/7). Let u be v(d). What is the greatest common divisor of 8 and u?
8
Suppose 14*a + 149*a - 949964 = 0. What is the greatest common factor of 564 and a?
188
Let y be 0 + -2 + (544 - 1) + -6. Let d = y + -458. What is the highest common factor of d and 21?
7
Let q(g) = -g**2 - 39*g - 374. Let c be q(-18). Calculate the highest common divisor of c and 1724.
4
Suppose -33 = 5*f - 13, -4*p + 24 = 4*f. Calculate the highest common divisor of 135 and p.
5
Let i(m) = 2*m**3 - 2*m**2 + 54*m + 280. Let p be i(0). Calculate the greatest common divisor of p and 1015.
35
Suppose 149*d - 124*d = 1350. Calculate the highest common divisor of d and 306.
18
Let d = 1649 - 1057. Calculate the greatest common divisor of 16 and d.
16
Let t(o) = 4*o + 646. Let s be t(2). Calculate the highest common divisor of s and 7412.
218
Let l(v) = -v**3 - 10*v**2 - 45*v - 394. Let q be l(-11). Calculate the greatest common divisor of 74 and q.
74
Let m(d) = 27*d - 7. Let z be m(6). Let x be z - (-2 + 1 - -4). Let f(q) = -3*q - 26. Let s be f(-15). Calculate the highest common divisor of s and x.
19
Let x(u) = -464*u - 70692. Let d be x(-153). Let j be 12/1 + 0/2. Calculate the highest common divisor of d and j.
12
Suppose 12 = -3*l + 3*s, -2*s + 14 = 7*l - 3*l. Let f(u) = 8*u**2 - 4*u + 2. Let d be f(l). What is the highest common divisor of 150 and d?
6
Let a(t) = -44*t - 251. Suppose -5*p + 2 = 3*o, -o + 3*p - 18 = -0*o. Let b be a(o). What is the highest common divisor of 1 and b?
1
Suppose 334*g = 336*g - 136. Calculate the greatest common divisor of g and 323.
17
Suppose -5*n - 124 = o, 9*o + 235 = 7*o + 3*n. Let t = o + 125. What is the greatest common divisor of t and 3?
3
Let g(y) = 36*y + 400. Let h be g(8). Let p = -654 + h. What is the highest common factor of p and 578?
34
Let u = 4632 - 4455. What is the highest common factor of u and 2242?
59
Let b be 34/(-102) - 1381/(-3). What is the greatest common factor of b and 805?
115
Let k be (-14)/((92/299)/(1 + -3)). What is the highest common factor of k and 217?
7
Suppose 3*s - a - 31 = 0, -s + 39 = 3*s + a. Suppose 50*q = 46*q + 116. Suppose s = d - q. Calculate the greatest common factor of d and 273.
39
Let k = 77 + -86. Let q(j) = -35*j**2 + 2*j + 3 + 6*j + 36*j**2 + 12. Let u be q(k). Calculate the highest common divisor of 32 and u.
8
Let s be -160*(47 - 44 - 5). Let j be (-4)/14 - (-37)/7. What is the highest common factor of j and s?
5
Suppose o + 130*l - 9192 = 134*l, 0 = 5*o - 4*l - 45912. What is the greatest common divisor of o and 408?
204
Suppose 4*i - x - 2343 = 16456, 2*i - 9401 = -x. Calculate the highest common factor of 40 and i.
20
Suppose 0 = 7*j - 2*j - 5, u + 79 = j. Let i = u + 37. Let v = i + 117. Calculate the highest common divisor of v and 19.
19
Let b(v) be the second derivative of v**3/6 + 58*v**2 - 180*v. Let k be b(-45). Calculate the highest common divisor of k and 71.
71
Let i be (-26 + 6)*((-3897)/12)/3. Calculate the highest common divisor of i and 5.
5
Let s = 1318 - -59. Suppose -5*l = 12*l - s. What is the highest common divisor of 108 and l?
27
Let s = 394 + -388. Let p = 167 - 152. What is the greatest common divisor of p and s?
3
Let d be (-2)/(-10) + ((-912)/30)/(-8). Suppose -w = o - 69 - 27, 3*w = d*o + 274. Calculate the highest common divisor of 188 and w.
94
Let t(r) = -11*r**2 - 240*r + 45. Let q be t(-15). Calculate the greatest common factor of 2470 and q.
130
Suppose 26144 = 11*z + 21*z. Suppose 5*r = -4*g + 3261, 5*g + 3*r - z = 4*g. What is the greatest common divisor of 22 and g?
22
Suppose -2*h - 4*i + i - 627 = 0, 2*i = -2*h - 622. Let z = h - -603. What is the greatest common factor of z and 11?
11
Let u be 2006/22 + 22/(-121). What is the greatest common factor of 9282 and u?
91
Let d be (-2)/(-8)*-5*((-160)/(-25) + -8). What is the highest common factor of 1223 and d?
1
Suppose 3*r + 4284 = 5*j, -63*j + 3*r = -62*j - 852. Calculate the highest common factor of j and 390.
78
Suppose -23*v + 20*v + 132 = 0. Let n = 47 - v. Calculate the highest common factor of 7 and n.
1
Let p = 441 + -438. Suppose 7*m + b = 5*m + 2005, -p*m = -5*b - 2975. Calculate the greatest common divisor of m and 40.
40
Suppose 0 = 7*c - 4*l - 2572, 2*c + l - 1473 = -2*c. What is the highest common factor of 16 and c?
16
Let u(y) = y**3 - y**2 - y. Suppose -4*a + 9 = -3. Let z be u(a). Let v(s) = -32*s + 685. Let d be v(20). What is the greatest common divisor of d and z?
15
Let d be (-2)/(-9)*(-15)/10*(7 + -577). What is the highest common divisor of 2774 and d?
38
Let n = 41 + -5. Suppose 0 = 10*p - 51 + 21. Suppose -7*g = -4*g - 3*j - 24, 0 = 3*g + p*j - 48. What is the highest common factor of n and g?
12
Let c = 1130 + -1095. Calculate the greatest common factor of c and 4585.
35
Suppose -d = 607*p - 606*p - 3603, -17999 = -5*p - d. Calculate the greatest common divisor of 61 and p.
61
Suppose -74*h - 61*h + 123*h = -254412. What is the greatest common factor of 111 and h?
111
Let q = 74 - 71. Suppose -20 = -q*v - 11. Let f be (80/(-24))/((-2)/v). What is the greatest common factor of 80 and f?
5
Let r(q) = -q**2 + 24*q - 37. Let u be r(16). Let w be 1 - (1 - u)*(-6 - -5). Let c = -84 - w. What is the greatest common divisor of c and 45?
5
Let s be ((-212)/6 - 0)/(17/(-612)). Calculate the highest common divisor of s and 54.
6
Let b = 149 + -143. Suppose b*h - 5760 = -6*h. Calculate the greatest common divisor of 15 and h.
15
Let o(a) = 16*a - 112. Let l be o(7). Suppose 65*y - 67*y + 492 = l. Calculate the highest common divisor of 6 and y.
6
Let c be 8/44 - (-6468)/363. What is the highest common divisor of 63 and c?
9
Suppose -30*n = -22313 - 294277. What is the highest common divisor of n and 61?
61
Let c be (23 - 19) + -1 + -3. Suppose -n + 15 - 13 = c. Suppose 0 = -n*q - 3*q + 95. Calculate the greatest common divisor of q and 209.
19
Let y = -5 + 43. Suppose y*b = 18*b + 160. Let t(g) = g**2 - 2*g + 1. Let w be t(2). What is the greatest common factor of w and b?
1
Let i(d) be the third derivative of 5*d**4/24 + 23*d**3/3 + 9*d**2 - 66*d. Suppose 3*m + 8 = -19. Let b be i(m). Calculate the highest common factor of b and 9.
1
Let c(s) = s**2 - 3*s + 2. Let d be c(5). Let x be ((-2)/5 + 49/35)*-4. Let w be 3 + (d/3)/x. What is the highest common divisor of w and 2?
2
Suppose 3*g = x + 27248, 11*g - 6*g - 45432 = -3*x. Calculate the highest common factor of g and 12.
12
Let h = -30043 + 34777. What is the greatest common divisor of 12 and h?
6
Let m(f) = 748*f - 16446. Let h be m(22). Let b(g) = -66*g - 2. Let p be b(-2). What is the highest common divisor of h and p?
10
Let j(r) = 78*r - 1365. Let p be j(23). Let u = 115 + -76. What is the greatest common factor of u and p?
39
Let h = -5 + 5. Suppose h = -n - 0 + 6. Let r(p) = 2*p**2 + 54*p - 393. Let d be r(-33). What is the highest common divisor of n and d?
3
Let i(v) = -18*v - 77. Let f be i(-4). Let a be (-1020)/(-50) + f - 2/5. Let l be (15/1)/((-2)/(-18)). What is the greatest common factor of l and a?
15
Let i = -110 - -386. Calculate the highest common divisor of i and 11178.
138
Let j = -24577 - -24697. What is the greatest common factor of j and 8220?
60
Let b(p) be the first derivative of p**3 - 7*p**2/2 + 4*p - 56. Let w be b(-4). What is the greatest common divisor of 560 and w?
80
Let u(z) = 2*z**2 + 19*z + 158 - 81 - 86. Let n be u(-11). Calculate the highest common factor of n and 136.
8
Suppose 44*l - 49*l = -2*w + 22460, 4*w - 3*l - 44892 = 0. Calculate the greatest common divisor of w and 44.
44
Suppose 101*k = 158*k - 3249. Calculate the highest common divisor of k and 285.
57
Let q be 236*(-6)/(-96)*(-96)/(-6). Calculate the greatest common 